 10771 is divided by 57.
55
Calculate the remainder when 728 is divided by 335.
58
Calculate the remainder when 294 is divided by 37.
35
Calculate the remainder when 4292 is divided by 238.
8
Calculate the remainder when 101 is divided by 15.
11
Calculate the remainder when 875 is divided by 22.
17
What is the remainder when 930 is divided by 266?
132
Calculate the remainder when 106 is divided by 9.
7
What is the remainder when 78 is divided by 22?
12
What is the remainder when 6826 is divided by 12?
10
Calculate the remainder when 95 is divided by 47.
1
What is the remainder when 419 is divided by 120?
59
Calculate the remainder when 201 is divided by 32.
9
Calculate the remainder when 662 is divided by 119.
67
Calculate the remainder when 408 is divided by 65.
18
Calculate the remainder when 387 is divided by 286.
101
Calculate the remainder when 68 is divided by 15.
8
Calculate the remainder when 991 is divided by 32.
31
Calculate the remainder when 1119 is divided by 14.
13
What is the remainder when 539 is divided by 10?
9
What is the remainder when 192 is divided by 173?
19
Calculate the remainder when 179 is divided by 60.
59
Calculate the remainder when 410 is divided by 136.
2
Calculate the remainder when 26 is divided by 19.
7
Calculate the remainder when 200 is divided by 12.
8
Calculate the remainder when 5122 is divided by 79.
66
What is the remainder when 71 is divided by 42?
29
Calculate the remainder when 613 is divided by 24.
13
What is the remainder when 449 is divided by 5?
4
What is the remainder when 111 is divided by 39?
33
What is the remainder when 1766 is divided by 136?
134
What is the remainder when 1299 is divided by 62?
59
What is the remainder when 56 is divided by 24?
8
What is the remainder when 972 is divided by 61?
57
Calculate the remainder when 117 is divided by 8.
5
What is the remainder when 956 is divided by 80?
76
Calculate the remainder when 136 is divided by 52.
32
What is the remainder when 484 is divided by 34?
8
Calculate the remainder when 204 is divided by 114.
90
What is the remainder when 27451 is divided by 32?
27
Calculate the remainder when 371 is divided by 75.
71
What is the remainder when 2317 is divided by 29?
26
What is the remainder when 258 is divided by 26?
24
Calculate the remainder when 110 is divided by 28.
26
Calculate the remainder when 18011 is divided by 228.
227
What is the remainder when 522 is divided by 182?
158
Calculate the remainder when 1554 is divided by 15.
9
Calculate the remainder when 260 is divided by 149.
111
What is the remainder when 89 is divided by 12?
5
Calculate the remainder when 146 is divided by 28.
6
Calculate the remainder when 343 is divided by 58.
53
Calculate the remainder when 1243 is divided by 309.
7
Calculate the remainder when 126 is divided by 43.
40
Calculate the remainder when 209 is divided by 14.
13
Calculate the remainder when 627 is divided by 206.
9
What is the remainder when 61 is divided by 22?
17
What is the remainder when 1094 is divided by 287?
233
What is the remainder when 68 is divided by 19?
11
What is the remainder when 149 is divided by 15?
14
Calculate the remainder when 929 is divided by 50.
29
Calculate the remainder when 493 is divided by 81.
7
What is the remainder when 182 is divided by 3?
2
What is the remainder when 401 is divided by 113?
62
Calculate the remainder when 2168 is divided by 9.
8
What is the remainder when 193 is divided by 67?
59
Calculate the remainder when 2263 is divided by 441.
58
What is the remainder when 77 is divided by 32?
13
What is the remainder when 150 is divided by 4?
2
Calculate the remainder when 74 is divided by 11.
8
Calculate the remainder when 526 is divided by 86.
10
Calculate the remainder when 211 is divided by 186.
25
What is the remainder when 8052 is divided by 179?
176
Calculate the remainder when 1943 is divided by 25.
18
What is the remainder when 211 is divided by 107?
104
Calculate the remainder when 2003 is divided by 15.
8
Calculate the remainder when 851 is divided by 2.
1
Calculate the remainder when 3764 is divided by 7.
5
Calculate the remainder when 87 is divided by 12.
3
What is the remainder when 21822 is divided by 31?
29
What is the remainder when 841 is divided by 84?
1
Calculate the remainder when 996 is divided by 84.
72
Calculate the remainder when 41 is divided by 12.
5
What is the remainder when 1931 is divided by 42?
41
What is the remainder when 4905 is divided by 11?
10
Calculate the remainder when 321 is divided by 46.
45
Calculate the remainder when 117 is divided by 23.
2
What is the remainder when 1222 is divided by 51?
49
Calculate the remainder when 126 is divided by 15.
6
What is the remainder when 1915 is divided by 137?
134
What is the remainder when 1197 is divided by 593?
11
What is the remainder when 1148 is divided by 381?
5
Calculate the remainder when 620 is divided by 80.
60
Calculate the remainder when 173 is divided by 22.
19
Calculate the remainder when 306 is divided by 39.
33
Calculate the remainder when 19501 is divided by 23.
20
What is the remainder when 607 is divided by 123?
115
Calculate the remainder when 107 is divided by 45.
17
Calculate the remainder when 181 is divided by 4.
1
Calculate the remainder when 56 is divided by 12.
8
What is the remainder when 52398 is divided by 10?
8
What is the remainder when 439 is divided by 31?
5
What is the remainder when 367 is divided by 199?
168
Calculate the remainder when 35 is divided by 26.
9
What is the remainder when 105 is divided by 33?
6
What is the remainder when 3122 is divided by 1034?
20
What is the remainder when 8708 is divided by 132?
128
Calculate the remainder when 751 is divided by 58.
55
Calculate the remainder when 59 is divided by 4.
3
Calculate the remainder when 2465 is divided by 18.
17
What is the remainder when 1315 is divided by 39?
28
Calculate the remainder when 3532 is divided by 114.
112
What is the remainder when 329 is divided by 55?
54
What is the remainder when 346 is divided by 61?
41
What is the remainder when 190 is divided by 6?
4
What is the remainder when 409 is divided by 103?
100
What is the remainder when 163 is divided by 26?
7
Calculate the remainder when 4735 is divided by 74.
73
Calculate the remainder when 426 is divided by 207.
12
Calculate the remainder when 121 is divided by 5.
1
What is the remainder when 638 is divided by 71?
70
What is the remainder when 310 is divided by 39?
37
What is the remainder when 285 is divided by 26?
25
Calculate the remainder when 86 is divided by 37.
12
What is the remainder when 793 is divided by 100?
93
Calculate the remainder when 182 is divided by 32.
22
Calculate the remainder when 206 is divided by 11.
8
Calculate the remainder when 324 is divided by 78.
12
Calculate the remainder when 81 is divided by 26.
3
Calculate the remainder when 246 is divided by 25.
21
What is the remainder when 35993 is divided by 115?
113
Calculate the remainder when 421 is divided by 46.
7
What is the remainder when 335 is divided by 32?
15
Calculate the remainder when 2526 is divided by 3.
0
What is the remainder when 504 is divided by 123?
12
Calculate the remainder when 110 is divided by 40.
30
Calculate the remainder when 254 is divided by 53.
42
What is the remainder when 22959 is divided by 16?
15
Calculate the remainder when 32559 is divided by 134.
131
Calculate the remainder when 458 is divided by 7.
3
What is the remainder when 379 is divided by 99?
82
What is the remainder when 111 is divided by 24?
15
Calculate the remainder when 8947 is divided by 242.
235
Calculate the remainder when 8849 is divided by 4.
1
What is the remainder when 415 is divided by 38?
35
Calculate the remainder when 4464 is divided by 149.
143
Calculate the remainder when 728 is divided by 183.
179
Calculate the remainder when 1657 is divided by 6.
1
Calculate the remainder when 324 is divided by 164.
160
What is the remainder when 2781 is divided by 555?
6
Calculate the remainder when 411 is divided by 16.
11
What is the remainder when 416 is divided by 67?
14
What is the remainder when 317 is divided by 111?
95
Calculate the remainder when 474 is divided by 14.
12
Calculate the remainder when 488 is divided by 10.
8
What is 